{"id":152,"date":"2018-02-20T16:49:36","date_gmt":"2018-02-20T15:49:36","guid":{"rendered":"http:\/\/www.pitsenegal.com\/?page_id=152"},"modified":"2018-02-20T17:17:17","modified_gmt":"2018-02-20T16:17:17","slug":"mon-cher-senegal","status":"publish","type":"page","link":"https:\/\/www.pitsenegal.com\/index.php\/mon-cher-senegal\/","title":{"rendered":"Mon Cher S\u00e9n\u00e9gal"},"content":{"rendered":"<h3>Les Grandes dates de l&rsquo;Histoire du S\u00e9n\u00e9gal<\/h3>\n<h5>Abdoulaye Camara consid\u00e8re que les humains sont pr\u00e9sents au S\u00e9n\u00e9gal depuis 350 000 ans.<br \/>\nLes plus anciennes traces de la pr\u00e9sence humaine ont \u00e9t\u00e9 d\u00e9couvertes dans la vall\u00e9e de la Fal\u00e9m\u00e9 \u2013 au sud-est du S\u00e9n\u00e9gal.<\/h5>\n<ul>\n<li>II\u00e8me au XI\u00e8me si\u00e8cle : Empire du Ghana<\/li>\n<li>IX\u00e8me si\u00e8cle : Naissance de l\u2019empire du Tekrour (ou Tekror) lors de la d\u00e9cadence de l\u2019empire du Ghana.<\/li>\n<li>1080 : Les Almoravides (confr\u00e9rie de moines guerriers d\u2019origine berb\u00e8re qui r\u00e9gna sur le Maghreb et l\u2019Andalousie de 1061 \u00e0 1147) entreprennent l\u2019islamisation du S\u00e9n\u00e9gal actuel.<\/li>\n<li>XIII\u00e8me si\u00e8cle : Naissance de l\u2019empire du Djolof dans la partie centrale du S\u00e9n\u00e9gal actuel.<\/li>\n<li>XIII\u00e8me et XIV\u00e8me si\u00e8cles : Naissance de l\u2019empire du Mali dans la partie est du S\u00e9n\u00e9gal actuel.<\/li>\n<li>XV\u00e8me si\u00e8cle : Arriv\u00e9e des premiers colons (portugais).<\/li>\n<li>Etablissement des premiers comptoirs dans la presqu\u2019\u00eele du Cap-Vert, \u00e0 <a title=\"Histoire de l\u2019\u00eele de Gor\u00e9e\" href=\"http:\/\/www.senegal-online.com\/tourisme_au_senegal\/villes-et-villages-du-senegal\/goree\/histoire-de-lile-de-goree\/\">Gor\u00e9e<\/a>, <a title=\"Rufisque\" href=\"http:\/\/www.senegal-online.com\/tourisme_au_senegal\/villes-et-villages-du-senegal\/rufisque\/\">Rufisque<\/a> et <a title=\"Joal-Fadiouth\" href=\"http:\/\/www.senegal-online.com\/tourisme_au_senegal\/villes-et-villages-du-senegal\/joal-fadiouth\/\">Joal<\/a>.<\/li>\n<li>XVI\u00e8me si\u00e8cle : D\u00e9but de la <a title=\"Traite des Noirs\" href=\"http:\/\/www.senegal-online.com\/histoire\/esclavage-au-senegal\/\">traite des Noirs<\/a> organis\u00e9e par les Portugais. Installation des Hollandais \u00e0 Gor\u00e9e.<\/li>\n<li>1626 \u00e0 1659 : Colonisation fran\u00e7aise du futur site de <a title=\"Saint-Louis du S\u00e9n\u00e9gal\" href=\"http:\/\/www.senegal-online.com\/tourisme_au_senegal\/villes-et-villages-du-senegal\/saint-louis\/\">Saint-Louis<\/a>.<\/li>\n<li>Fin du XVII\u00e8me si\u00e8cle : Gor\u00e9e prise par les Anglais puis par les Fran\u00e7ais.<\/li>\n<li>de 1758 \u00e0 1814 : les Anglais et les Fran\u00e7ais se disputent Saint-Louis et Gor\u00e9e.<\/li>\n<li>15 Avril 1789 : Envoi aux Etats-G\u00e9n\u00e9raux de Versailles d\u2019 \u00abun Cahier de dol\u00e9ances et de remontrances\u00bb.<\/li>\n<li>1802 : Repr\u00e9sentation de la colonie aux \u00abCinq Cents\u00bb.<\/li>\n<li>30 mai 1814 : Le S\u00e9n\u00e9gal est donn\u00e9 \u00e0 la France par le Trait\u00e9 de Paris.<\/li>\n<li>1815 : La France se voit accord\u00e9 le monopole du commerce avec le S\u00e9n\u00e9gal.<\/li>\n<li>1816 : <a title=\"Le naufrage de la M\u00e9duse\" href=\"http:\/\/www.senegal-online.com\/histoire\/le-naufrage-de-la-meduse\/\">Naufrage de la \u00abM\u00e9duse\u00bb<\/a> au large des c\u00f4tes mauritaniennes.<\/li>\n<li>1848 : Abolition de l\u2019esclavage.<\/li>\n<li>1853 : Naissance de <a title=\"Cheikh Ahmadou Bamba\" href=\"http:\/\/www.senegal-online.com\/histoire\/les-hommes-et-femmes-celebres-du-senegal\/cheikh-ahmadou-bamba-1853-1927\/\">Cheikh Ahmadou Bamba<\/a>.<\/li>\n<li>1854 \u00e0 1865 : <a title=\"Louis Faidherbe (1818 \u2013 1889)\" href=\"http:\/\/www.senegal-online.com\/histoire\/les-hommes-et-femmes-celebres-du-senegal\/louis-faidherbe-1818-1889\/\">Faidherbe<\/a> est le gouverneur de la colonie. <a title=\"Cr\u00e9ation de Dakar\" href=\"http:\/\/www.senegal-online.com\/tourisme_au_senegal\/villes-et-villages-du-senegal\/dakar-capitale-du-senegal\/histoire-de-dakar\/\">Fondation de Dakar<\/a>. Conqu\u00eate des royaumes du Djolof et du Kayor.<\/li>\n<li>1862 : <a title=\"Emile Pinet-Laprade (1822 \u2013 1869)\" href=\"http:\/\/www.senegal-online.com\/histoire\/les-hommes-et-femmes-celebres-du-senegal\/emile-pinet-laprade-1822-1869\/\">Pinet-Laprade<\/a> dresse le plan de Dakar.<\/li>\n<li>1882 : Le gouverneur Servatius construit le chemin de fer Dakar-Saint-Louis.<\/li>\n<li>1883 : Fondation du Mouridisme par Cheikh Ahmadou Bamba.<\/li>\n<li>1886 : Mort de <a title=\"Lat Dior (1842 \u2013 1886)\" href=\"http:\/\/www.senegal-online.com\/histoire\/les-hommes-et-femmes-celebres-du-senegal\/lat-dior-1842-1886\/\">Lat Dior<\/a> \u00e0 la bataille de D\u00e9khel\u00e9. Fondation de <a title=\"Touba\" href=\"http:\/\/www.senegal-online.com\/tourisme_au_senegal\/villes-et-villages-du-senegal\/touba\/\">Touba<\/a>.<\/li>\n<li>1895 : Cr\u00e9ation du Gouvernement g\u00e9n\u00e9ral de l\u2019<a title=\"Afrique Occidentale Fran\u00e7aise\" href=\"http:\/\/www.senegal-online.com\/histoire\/afrique-occidentale-francaise_a-o-f\/\">Afrique Occidentale Fran\u00e7aise<\/a> (A.O.F.).<\/li>\n<li>Emprisonnement de Cheikh Ahmadou Bamba \u00e0 Saint-Louis (ao\u00fbt) puis d\u00e9portation au <a title=\"Gabon\" href=\"http:\/\/www.africa-onweb.com\/pays\/gabon\/infos\/index.html\" target=\"_blank\" rel=\"noopener\">Gabon<\/a>.<\/li>\n<li>1902 : Retour d\u2019exil de Cheikh Ahmadou Bamba.<\/li>\n<li>1903 : Cheikh Ahmadou Bamba exil\u00e9 vers la <a title=\"Mauritanie\" href=\"http:\/\/www.africa-onweb.com\/pays\/mauritanie\/infos\/index.html\" target=\"_blank\" rel=\"noopener\">Mauritanie<\/a>.<\/li>\n<li>1904 : Dakar devient capitale de l\u2019A.O.F.<\/li>\n<li>1916 : Les habitants des \u00abQuatre Communes\u00bb (Dakar, Gor\u00e9e, Rufisque et Saint-Louis) re\u00e7oivent la citoyennet\u00e9 fran\u00e7aise. Envoi des premiers \u00e9lus \u00e0 la Chambre des d\u00e9put\u00e9s.<\/li>\n<li>1926 : Ouverture de la <a title=\"L\u2019A\u00e9ropostale\" href=\"http:\/\/www.senegal-online.com\/histoire\/aeropostale\/\">liaison A\u00e9ropostale Casablanca \u2013 Dakar<\/a><\/li>\n<li>1927 : Mort de Cheikh Ahmadou Bamba le 27 juillet.<\/li>\n<li>1936 (7 d\u00e9cembre) : Disparition en mer de <a title=\"Jean Mermoz\" href=\"http:\/\/www.senegal-online.com\/histoire\/les-hommes-et-femmes-celebres-du-senegal\/jean-mermoz-1901-1936\/\" target=\"_blank\" rel=\"noopener\">Jean Mermoz<\/a> peu de temps apr\u00e8s son d\u00e9collage de Dakar \u00e0 destination de l\u2019Am\u00e9rique du Sud \u00e0 bord du Lat\u00e9co\u00e8re 300 \u00ab La Croix du Sud \u00bb.<\/li>\n<\/ul>\n","protected":false},"excerpt":{"rendered":"<p>Les Grandes dates de l&rsquo;Histoire du S\u00e9n\u00e9gal Abdoulaye Camara consid\u00e8re que les humains sont pr\u00e9sents au S\u00e9n\u00e9gal depuis 350 000 ans. Les plus anciennes traces de la pr\u00e9sence humaine ont \u00e9t\u00e9 d\u00e9couvertes dans la vall\u00e9e de la Fal\u00e9m\u00e9 \u2013 au sud-est du S\u00e9n\u00e9gal. II\u00e8me au XI\u00e8me si\u00e8cle : Empire du Ghana IX\u00e8me si\u00e8cle : Naissance [&hellip;]<\/p>\n","protected":false},"author":1,"featured_media":121,"parent":0,"menu_order":0,"comment_status":"closed","ping_status":"closed","template":"","meta":{"footnotes":""},"_links":{"self":[{"href":"https:\/\/www.pitsenegal.com\/index.php\/wp-json\/wp\/v2\/pages\/152"}],"collection":[{"href":"https:\/\/www.pitsenegal.com\/index.php\/wp-json\/wp\/v2\/pages"}],"about":[{"href":"https:\/\/www.pitsenegal.com\/index.php\/wp-json\/wp\/v2\/types\/page"}],"author":[{"embeddable":true,"href":"https:\/\/www.pitsenegal.com\/index.php\/wp-json\/wp\/v2\/users\/1"}],"replies":[{"embeddable":true,"href":"https:\/\/www.pitsenegal.com\/index.php\/wp-json\/wp\/v2\/comments?post=152"}],"version-history":[{"count":4,"href":"https:\/\/www.pitsenegal.com\/index.php\/wp-json\/wp\/v2\/pages\/152\/revisions"}],"predecessor-version":[{"id":159,"href":"https:\/\/www.pitsenegal.com\/index.php\/wp-json\/wp\/v2\/pages\/152\/revisions\/159"}],"wp:featuredmedia":[{"embeddable":true,"href":"https:\/\/www.pitsenegal.com\/index.php\/wp-json\/wp\/v2\/media\/121"}],"wp:attachment":[{"href":"https:\/\/www.pitsenegal.com\/index.php\/wp-json\/wp\/v2\/media?parent=152"}],"curies":[{"name":"wp","href":"https:\/\/api.w.org\/{rel}","templated":true}]}}